1
In base 16, what is 123 - 25d5?
-24b2
In base 16, what is 1b69f0d - 1?
1b69f0c
In base 2, what is -1011000111001001001 + -10000001000?
-1011001001001010001
In base 2, what is 1010101001101110001010 + -11?
1010101001101110000111
In base 5, what is 14000232143 + -1?
14000232142
In base 13, what is -40ba62 + -6?
-40ba68
In base 14, what is 140a - 387?
1063
In base 7, what is 2 + -61130211?
-61130206
In base 16, what is -d60 + 15ed?
88d
In base 14, what is 3b2c2980 - 5?
3b2c2979
In base 12, what is -21b3a20 + 6?
-21b3a16
In base 10, what is -22 - 1845243?
-1845265
In base 12, what is 8a5 + -100813?
-bbb2a
In base 2, what is -10011 - -1100011100000001011?
1100011011111111000
In base 10, what is 3 - -22708415?
22708418
In base 7, what is 1203223 + 415?
1203641
In base 10, what is -6660861 - 7?
-6660868
In base 4, what is -2030123013 - -12?
-2030123001
In base 14, what is -42729 - 61b?
-42d46
In base 16, what is -10c9251 - -a?
-10c9247
In base 7, what is -111216 - -41564?
-36322
In base 16, what is -29 - 2479471?
-247949a
In base 10, what is -1707460 - -10?
-1707450
In base 13, what is -1c47c3 + 182?
-1c4641
In base 10, what is -29552 - -722?
-28830
In base 15, what is -a73 + 2218?
1695
In base 8, what is 2111 + 22657?
24770
In base 5, what is 114230021 - -2?
114230023
In base 13, what is -2 + -18cb03?
-18cb05
In base 9, what is -217103414 + 2?
-217103412
In base 4, what is -111002123 + 220?
-111001303
In base 7, what is 162212 - -13?
162225
In base 2, what is -1 - -1001011101011110001010?
1001011101011110001001
In base 13, what is 5b1c344 - 2?
5b1c342
In base 15, what is -2d20 + 1b4?
-2b5b
In base 4, what is 2132221312 + 23?
2132222001
In base 15, what is 853 + 18b6a?
194bd
In base 4, what is -2 + -10031301110?
-10031301112
In base 5, what is 22421334 - 212?
22421122
In base 15, what is 57ac8b - -1?
57ac8c
In base 8, what is -751120066 - -1?
-751120065
In base 7, what is -24 - 215322113?
-215322140
In base 6, what is 22 - -244315224?
244315250
In base 12, what is 239b + 3993a?
40119
In base 5, what is 3424 + 31440413?
31444342
In base 10, what is 198152 + -1500?
196652
In base 5, what is -13200 + 23443233?
23430033
In base 6, what is -230503504 - -50?
-230503414
In base 14, what is 76 + -12dd4?
-12d5c
In base 6, what is 200105550 + -41?
200105505
In base 14, what is -215a + 2268d?
20533
In base 15, what is -2b3 - 8eb?
-bae
In base 13, what is b630 + 240?
b870
In base 7, what is 34443 - 13554?
20556
In base 9, what is 238833 - -462?
240405
In base 9, what is 5 - -1461522?
1461527
In base 3, what is 10020112112221022 - 1?
10020112112221021
In base 14, what is -7a2b0b - 48?
-7a2b55
In base 6, what is -2 - 3440453312?
-3440453314
In base 14, what is 601915 - 37?
6018bc
In base 10, what is -13610802 + 6?
-13610796
In base 2, what is -1101011001000010011100 + 1111?
-1101011001000010001101
In base 7, what is -332262061 - -10?
-332262051
In base 3, what is -110022 + -110112021200?
-110112201222
In base 16, what is af705d8 + -3?
af705d5
In base 9, what is 27 + 338164?
338202
In base 12, what is 0 + -239b50ba?
-239b50ba
In base 2, what is -100101100011101100100 + 101001?
-100101100011100111011
In base 7, what is -4415462042 + -4?
-4415462046
In base 12, what is 48b13 - -680?
49593
In base 14, what is -3 + -876119?
-87611c
In base 7, what is 1112 + 4604560?
4606002
In base 7, what is 32015130 + 563?
32016023
In base 7, what is 36 - -304042033?
304042102
In base 8, what is -3 - 202653114?
-202653117
In base 16, what is 45 - -10dfc?
10e41
In base 11, what is 2732 + -1758?
a85
In base 16, what is -2587d5 - 6?
-2587db
In base 6, what is 1203131 - -1103?
1204234
In base 14, what is 2d4 - -8b10?
9004
In base 13, what is 242787 - 23c?
242548
In base 8, what is 6 + -16062604?
-16062576
In base 9, what is -5 - 7264788?
-7264804
In base 16, what is -1c1 - -6c352?
6c191
In base 6, what is 40 - -31504035?
31504115
In base 8, what is -30 - 5123013?
-5123043
In base 4, what is 30210111 - 202?
30203303
In base 11, what is -13 - 86387?
-8639a
In base 2, what is -101 - -10100000111001010000110011110?
10100000111001010000110011001
In base 16, what is -18d - 591?
-71e
In base 3, what is -1100201010111 + 12100?
-1100200221011
In base 5, what is -12441013004 + -141?
-12441013200
In base 15, what is b2 + 46405?
464b7
In base 4, what is 11 - -110132123032?
110132123103
In base 9, what is -175251 - 67?
-175328
In base 10, what is 6837 - -115?
6952
In base 8, what is -513261652 + -2?
-513261654
In base 12, what is -2 + -574628?
-57462a
In base 2, what is -111100100010010011000 - 10110?
-111100100010010101110
In base 12, what is -6 - -1263426?
1263420
In base 12, what is -5 + a199ab27?
a199ab22
In base 13, what is c9c546 - -b0?
c9c626
In base 9, what is 48621543 + 20?
48621563
In base 15, what is -42dd - 0?
-42dd
In base 10, what is 5311 - 712?
4599
In base 2, what is -11 - -10110011001010011011001?
10110011001010011010110
In base 9, what is -330 - -8505?
8165
In base 9, what is -11 + -4412324?
-4412335
In base 9, what is 24222 - 38166?
-13844
In base 9, what is 31 - 1652165?
-1652134
In base 14, what is -b88a04c8 + -4?
-b88a04cc
In base 12, what is 24 - 6b596?
-6b572
In base 10, what is 258187 - 245?
257942
In base 11, what is -2872714 - -7?
-2872708
In base 4, what is 13 - -332321332?
332322011
In base 10, what is -71609 + 23?
-71586
In base 7, what is -3020 + 1032256?
1026236
In base 8, what is -362244 + 334?
-361710
In base 11, what is -a20116 - 2?
-a20118
In base 15, what is -4 - 37c034b?
-37c0350
In base 12, what is 7 + 12b67b6?
12b6801
In base 13, what is 7 + 28b0c30?
28b0c37
In base 11, what is 772a9 + 21?
7731a
In base 15, what is -b7b69e + -12?
-b7b6b1
In base 13, what is 2480a87 - 3?
2480a84
In base 4, what is -12100330 + 1031?
-12033233
In base 7, what is -101410 + 16223?
-52154
In base 4, what is -3323223233 + -230?
-3323230123
In base 7, what is -61003 + -32?
-61035
In base 8, what is 22116321 + 5?
22116326
In base 16, what is 29d64 - -61?
29dc5
In base 3, what is 1010 + -220100111?
-220022101
In base 12, what is 38 - 317366?
-31732a
In base 14, what is -c2 - 2bc45?
-2bd27
In base 15, what is 7b5c042 - -2?
7b5c044
In base 2, what is 1001010101 + -1111001100011?
-1110000001110
In base 14, what is 5 + 126ac17?
126ac1c
In base 2, what is -110101001001010111111100101 + -11?
-110101001001010111111101000
In base 8, what is 12563 + 1417?
14202
In base 9, what is 2523 + -34035?
-31412
In base 2, what is -10010101011 + 10000101011100101000?
10000101001001111101
In base 2, what is 1000101000001111100000 - 1001?
1000101000001111010111
In base 12, what is -50b30 - 6?
-50b36
In base 6, what is 5 - -5505444032?
5505444041
In base 11, what is -245829 + 760?
-245079
In base 6, what is 13142504 - -233?
13143141
In base 4, what is 221 - -10210331331?
10210332212
In base 5, what is 1412 - -144431342?
144433304
In base 15, what is -7 - -da2dce7?
da2dce0
In base 15, what is 242 - 2194b?
-21709
In base 3, what is 1022211220000 + -1111?
1022211211112
In base 15, what is 1666 - -71a?
1d81
In base 5, what is -44 + 304233331?
304233232
In base 16, what is -1490bae - 4?
-1490bb2
In base 8, what is -21312002 + -26?
-21312030
In base 7, what is 56 + 23135326?
23135415
In base 8, what is -24170757 - -1?
-24170756
In base 12, what is -10339973 - -8?
-10339967
In base 6, what is -3320 + -24224?
-31544
In base 12, what is -158aab8 - -2?
-158aab6
In base 6, what is 10 + 152342520?
152342530
In base 10, what is 79327 + -10?
79317
In base 13, what is -43839677 - 3?
-4383967a
In base 2, what is 1 - -10111111001110110010?
10111111001110110011
In base 4, what is -10 + 33221101332020?
33221101332010
In base 9, what is 121 + 271254?
271375
In base 2, what is -11110111001 - 100000100011001111?
-100001000010001000
In base 6, what is 32 + -150003354?
-150003322
In base 15, what is -3 + 4d7658e?
4d7658b
In base 11, what is 6 - 1a8a272?
-1a8a267
In base 2, what is 101001111001010101100100 + 101?
101001111001010101101001
In base 3, what is -110 - 2221010102?
-2221010212
In base 3, what is 10 + 102211012201102012?
102211012201102022
In base 4, what is -11333201303 - 10?
-11333201313
In base 6, what is -554 - 131005002?
-131010000
In base 3, what is -12 - 12211020221112221?
-12211020221120010
In base 13, what is 